 = 9. What is g(f)?
0
Let o(a) = -a**3 + 7*a**2 - 7*a - 1. Suppose -18 = 24*s - 27*s. Give o(s).
-7
Let m = 1166 + -1175. Let o(u) = -3*u - 36. Determine o(m).
-9
Let q(t) = 4*t - 15. Let m(d) = 2*d. Let i(w) = 3*m(w) - q(w). Determine i(-13).
-11
Suppose -5*k - 25 = -5*x, -3*x - 2*k + 2 + 8 = 0. Suppose x*h - 10 = -26. Let q(p) = -3*p - 2. Calculate q(h).
10
Let l(f) = f - 21. Let y = -290 + 290. Determine l(y).
-21
Suppose 9 = y + 8. Let b(g) = g**2 + g + 1. Let s(i) = 7*i**2 + 3*i + 4. Let n(f) = 4*b(f) - s(f). What is n(y)?
-2
Let c(v) = -v**2 + 9*v + 4. Let g be c(9). Suppose 5*l = g*l + 4. Let h(y) = -3*y - 3. What is h(l)?
-15
Let g(b) = -b**2 + 4*b + 6. Let r = 8 + -8. Let p be (r + 0)*(-2 - -1). Suppose -5*o + 9*o - 20 = p. Give g(o).
1
Let b = 29 + -17. Suppose 4*c + 4 + b = 4*i, -4*i - 11 = 5*c. Let g be (4/c*6)/2. Let o(x) = -x + 3. What is o(g)?
7
Let h(f) = -f**3 + f**2 + 3*f - 3. Suppose -6*d + 14 = -4. Suppose -d*x - 19 = -2*q, -5*q + 3*x = -x - 30. Give h(q).
-1
Let g(x) = 2*x**3 - 9*x**2 + 2*x - 3. Let q be -1 + 1 - ((-30)/5 - -2). What is g(q)?
-11
Let h = 3 + 1. Suppose 0 = 5*k - h*k. Suppose -3*w - w + 20 = k, -w + 17 = -3*i. Let d(y) = y**2 + 6*y + 3. Give d(i).
-5
Let x(i) = -7*i**2 - 8*i - 2. Let d(c) = -20*c**2 - 24*c - 7. Let z = -32 - -15. Let v(n) = z*x(n) + 6*d(n). Give v(-6).
4
Suppose i - 413 = -419. Let p(o) = o**3 + 7*o**2 + 8*o + 15. Calculate p(i).
3
Let b(z) = z**3 + 5*z**2 + z - 3. Suppose 5*h - 16 = h. Let a(f) = -f**3 + 3*f**2 + 2*f + 3. Let n be a(h). Calculate b(n).
-8
Suppose -4*x + 64 = 72. Let o(f) = -4 + 3 + f + 3*f. Calculate o(x).
-9
Let i(h) = -7*h**2 + h**3 + 18 + 49*h + 44*h - 155*h + 52*h. Determine i(8).
2
Suppose 3 = 3*j - 4*f, -f + 0*f = 2*j - 2. Let o be 3*(j - 3/(-9)). Let h(u) = -u**2 + u + 5. Calculate h(o).
-7
Let l(f) = 3*f + 5. Let w(u) = 8*u + 14. Let r(d) = -17*l(d) + 6*w(d). Suppose -181*q + 188*q = 14. Calculate r(q).
-7
Suppose u - 5 = 2. Let f(y) be the first derivative of y**4/4 - 8*y**3/3 + 5*y**2/2 + 10*y + 884. Give f(u).
-4
Let h(b) = 2*b - 4. Let i(m) = m**3 + 3*m - 4. Let j be i(1). Give h(j).
-4
Let l(j) be the third derivative of -j**6/120 - j**5/10 + j**4/8 + 2*j**2 - 38. What is l(-6)?
-18
Let c(q) = q - 14 + 3 + 13. Calculate c(12).
14
Let u = -111 + 108. Let s(c) = -c**3 - c**2 + 3*c - 4. Calculate s(u).
5
Suppose 2*b - 1 = 4*q + 3, 10 = 3*q + 5*b. Suppose q = 23*l - 24*l + 2. Let h(a) = 3*a**3 - 2*a - 1. Give h(l).
19
Let u(a) = 2 + 6 - 15 + 10*a + 13 - 6*a**2 - a**3 - 1. Determine u(-7).
-16
Let m(y) = -y + 3. Let r(x) = -7*x + 12. Let k(j) = 6*m(j) - r(j). Give k(8).
14
Let u be (0 + -1)*(-2 + -13). Let j = u - 9. Let s(y) = 9*y**2 + 1. Let q(d) = 7*d**2 - d - 1. Let n(o) = 4*q(o) - 3*s(o). What is n(j)?
5
Let b(v) = -4*v**2 - v. Suppose -2*a - 2*r + 2 = -4*r, 3*r - 4 = -4*a. What is b(a)?
-5
Suppose 2*s = 1 + 3. Let p(w) = 5*w - s*w**2 - w**3 + 0*w + 6 + 2*w. Let u be (6/4)/(6/(-16)). Determine p(u).
10
Suppose 5*a = 4*f + 4, 2*f + 34 = 3*a + 32. Let o(u) = u + 9. What is o(a)?
9
Let n(l) = 14*l. Suppose -50*s = -39*s + 22. What is n(s)?
-28
Let s(h) be the second derivative of h**4/6 + h**3/3 - h**2/2 - 4*h. Let z = -12 + 14. Suppose 2*r = r + 4*k + 9, -z*r - 2*k = 2. Calculate s(r).
3
Let b(z) be the first derivative of -z**2/2 + z - 1. Let x(u) = 2*u + 13. Let c be x(-5). Give b(c).
-2
Let c = -1214 + 1210. Let i(f) = 5*f + 3. Determine i(c).
-17
Let v(r) = 88*r - 3 - 3*r**2 + 0 + 6 - 91*r. Let i(s) = -4 + 8*s + 1 + s**2 - 2*s**2 + 14. Let o be i(9). Determine v(o).
-15
Let w = -5 + 5. Let p(j) = j + j**2 + w*j + 3*j**3 - 7 - 2*j**3. Suppose -4*f + 6*f = 0. Determine p(f).
-7
Let i = -28 - -31. Suppose -u + 2*u + 5*y + 8 = 0, u - 8 = i*y. Let v(s) = -s**3 + 2*s**2 - 3*s. Determine v(u).
-6
Let h(f) = 6. Let x(u) = 4*u + 27. Let c(q) = -3*h(q) + x(q). Calculate c(6).
33
Suppose -5*t - 10 = 15. Let z(r) be the second derivative of 1/20*r**5 + 19 + 2*r + 0*r**3 + 5/12*r**4 + r**2. Calculate z(t).
2
Let j(r) = -r**2 - 2. Let b(p) = 5*p**2 - 2*p + 8. Let l(u) = -b(u) - 4*j(u). Determine l(4).
-8
Let l(r) = 3*r - 4 - r + 0*r. Let x = -45 + 77. Let k = -29 + x. Give l(k).
2
Suppose 3*m + 2*y = 5, 5*y + 2 - 9 = -2*m. Let l be (2/(2/(-1)))/m. Let j(x) be the third derivative of 7*x**6/120 - x**3/6 + 24*x**2. Calculate j(l).
-8
Let y(s) = -s**3 - 1. Let v(m) = 4*m**3 + 2*m - 12. Let o(t) = v(t) - 5*y(t). Let x(n) = 10*n**3 + 2*n - 6. Let r(c) = -5*o(c) + 6*x(c). Calculate r(1).
16
Let y = -17 + 31. Suppose -7 = -3*a + y. Let u(n) = 5 - 4 + 0 - a*n. Determine u(1).
-6
Let d(k) be the second derivative of k**5/15 + k**4/24 + k**3/6 - 11*k. Let v(w) be the second derivative of d(w). Determine v(-1).
-7
Let a(c) = c**3 - 5*c**2 - 7*c + 11. Let i be a(6). Let u(s) = s**2 - 3*s - 5. Calculate u(i).
5
Let h = -10 + 7. Let z be 6*-2*h/6. Let r(l) = -l - z*l + l**2 + l + 4. What is r(5)?
-1
Let b(c) = -14*c**3 - 2*c**2 - c. Suppose -807 = -5*r - 227. Let y be r/36 - (-6)/(-27). Suppose 2 = d - y*d. Determine b(d).
13
Let j(i) be the second derivative of -i**5/20 + i**3/6 + 6*i**2 - 55*i + 1. What is j(0)?
12
Let s(i) = 3*i - 2. Let m be s(2). Let g(l) = -9 - 6 + l + m. Let b be g(11). Let h(p) = p**2 - p - 9. Calculate h(b).
-9
Let n(m) = -m. Let d(l) = 16*l + 4. Let g(h) = -d(h) - 3*n(h). Suppose 12*z - 17*z - 45 = 0. Let b(a) = -3*a - 1. Let u(v) = z*b(v) + 2*g(v). Determine u(0).
1
Let j(n) = n**2 - 6*n + 4. Let p(c) = c**2 + 7*c - 8. Let x be p(-8). Let v(i) = i + 4. Let h be v(x). Determine j(h).
-4
Let t(s) = -2*s + 33. Suppose 0 = -37*r + 61 + 198. Calculate t(r).
19
Let a(m) be the first derivative of m**2 - 2*m - 759. What is a(2)?
2
Let j(n) = 4 - 78*n - 76*n - 7 + 159*n. Calculate j(10).
47
Let r(l) be the first derivative of -l**2/2 + 2*l - 23. Give r(6).
-4
Let l be (-13)/(-3) - (-22)/33. Suppose 5*q = l*m + 25, -2*m + 22 = -5*m - 4*q. Let z(s) = -3*s - 7. What is z(m)?
11
Let f(u) = -u**2 + 5*u + 2. Let q = -11 + 1. Let m = q - -14. Suppose 0 = m*j - 5*v + 5, 4*j - v - 17 + 2 = 0. Determine f(j).
2
Let t(r) be the second derivative of -r**4/3 - r**3/6 + 54*r - 1. What is t(-1)?
-3
Let n(o) = -18*o**3 + 25*o**2 + 13*o + 15. Let v(r) = -8*r**3 + 11*r**2 + 6*r + 7. Let j(t) = -3*n(t) + 7*v(t). What is j(3)?
-23
Let q = 163 + -169. Let r(h) = -h**2 - 9*h - 8. Determine r(q).
10
Let h(i) be the first derivative of 2*i**4 + 4*i**3/3 - 3*i**2 + 5*i - 8. Let x(t) = 23*t**3 + 11*t**2 - 17*t + 14. Let k(r) = 11*h(r) - 4*x(r). Determine k(1).
-3
Let b(w) be the third derivative of w**4/24 - w**3/6 - 290*w**2. Calculate b(-5).
-6
Let h(j) = j**2 - 3*j - 3. Let g be h(5). Let q be (0 + 1)*0/g. Suppose -d + 3*n + 4 + 11 = 0, -d + n + 9 = q. Let p(m) = m + 2. What is p(d)?
8
Let u(y) = 3*y**2 - 30*y - 8. Let w(l) = 4*l**2 - 44*l - 11. Let z(d) = 7*u(d) - 5*w(d). Give z(-9).
-10
Suppose 16 = 4*n + 5*o - 9*o, -2*o = -4. Let r(m) = m - 10. What is r(n)?
-4
Let w(z) = 2*z - 2 + 10 - 4. Calculate w(-6).
-8
Let q(a) be the first derivative of -a**4/4 + 4*a**3/3 - a**2 + 4*a + 101. Calculate q(4).
-4
Let x be 322/16 + 2/(-16). Let s(t) = 18*t + 0 - x*t + t**2 - 6. Give s(5).
9
Suppose -4 = -j, m = 5*m - 3*j + 12. Let q(i) = i + 0*i**2 + 6 - i**2 + 0*i**3 + i**3. What is q(m)?
6
Let m(i) = 5*i + 3. Let a(u) = -u + 1. Let c(x) = -4*a(x) + m(x). Suppose 2*w + 4 = -0*w. Let q be w - (3/1 - 6). What is c(q)?
8
Let g(t) = 16 + 16 - 47 + 17 + t**2 + 5*t. Calculate g(-5).
2
Let w(n) = -n**3 - n - 2. Let i(k) = -k**3 - 5*k**2 + k + 5. Let v be i(-5). What is w(v)?
-2
Let o(s) = -2*s + 4. Let i(v) = -11*v + 45. Let l(q) = i(q) - 5*o(q). Calculate l(22).
3
Let f be 1*(1 - (0 - 2)). Let x(u) = -14 + 5 + 0*u**2 - u**2 + 10. Give x(f).
-8
Let y be (-8)/10 - (-19)/5. Let g(n) = -36*n**2 - 4*n**y + 1 + 17*n**2 + 18*n**2. Calculate g(1).
-4
Suppose s + s = -4. Let a(n) = n + 2. Let w be a(s). Let x(m) = -3*m + 16 + 2*m + 2*m - 2*m. Calculate x(w).
16
Let f(i) = -i**3 - 2*i**2 + 2*i + 1. Suppose u = -2*u - 12. Let r be ((64/20)/u)/((-4)/(-10)). Give f(r).
-3
Suppose -20 = -u - u - 4*b, -5*b = 4*u - 34. Suppose -3*g = u*g + 36. Let k(m) = m**2 + 4*m. Determine k(g).
0
Suppose 3*n - 23 + 7 = -2*a, -2*a + 5*n - 16 = 0. Let i(g) = 26*g**a + 25*g**2 - 46*g**2 - g + g**3. What is i(-5)?
5
Let t(h) = -2*